of 313064722?
2, 31, 5049431
List the prime factors of 1531040443.
1531040443
List the prime factors of 719764748.
2, 179941187
What are the prime factors of 30088232?
2, 17, 23, 9619
What are the prime factors of 21716921?
41, 529681
List the prime factors of 184282298.
2, 29, 3177281
What are the prime factors of 36402290?
2, 5, 19, 283, 677
List the prime factors of 1821922643.
1821922643
List the prime factors of 22903208.
2, 19, 53, 2843
What are the prime factors of 32524431?
3, 1777, 6101
List the prime factors of 2199051651.
3, 47, 15596111
What are the prime factors of 44095886?
2, 22047943
What are the prime factors of 1434230039?
11, 6427, 20287
List the prime factors of 290284999.
290284999
What are the prime factors of 34330503?
3, 941, 12161
What are the prime factors of 1077407747?
13, 71, 1167289
What are the prime factors of 3200391264?
2, 3, 7, 149, 31963
List the prime factors of 3052565641.
907, 3365563
List the prime factors of 612267621.
3, 7, 3989, 7309
What are the prime factors of 50289613?
11, 4571783
What are the prime factors of 4613010548?
2, 23, 50141419
What are the prime factors of 266316727?
266316727
List the prime factors of 44806790.
2, 5, 7, 359, 1783
What are the prime factors of 325052245?
5, 7, 2371, 3917
What are the prime factors of 3122143388?
2, 7, 13, 1225331
List the prime factors of 22853039.
11, 2077549
List the prime factors of 937135376.
2, 821, 71341
List the prime factors of 828869290.
2, 5, 43, 1927603
List the prime factors of 1964589723.
3, 218287747
List the prime factors of 356964577.
23, 47, 330217
List the prime factors of 797967947.
7, 17, 19, 53, 6659
What are the prime factors of 493581794?
2, 23, 887, 12097
List the prime factors of 1052545624.
2, 13, 10120631
List the prime factors of 137606854.
2, 7, 11, 19, 131, 359
List the prime factors of 581047063.
17, 109, 313571
What are the prime factors of 58555517?
1303, 44939
List the prime factors of 258426069.
3, 11, 47, 166619
List the prime factors of 437352271.
73, 397, 15091
List the prime factors of 3866452456.
2, 483306557
What are the prime factors of 23460788?
2, 13, 79, 5711
What are the prime factors of 2913779785?
5, 7, 29, 37, 77587
What are the prime factors of 1560925018?
2, 1009, 773501
What are the prime factors of 920287786?
2, 11, 73, 573031
What are the prime factors of 335600877?
3, 111866959
What are the prime factors of 91909342?
2, 7, 769, 8537
What are the prime factors of 2843793300?
2, 3, 5, 2039, 4649
What are the prime factors of 22939675?
5, 11, 83417
List the prime factors of 820187424.
2, 3, 7, 135613
What are the prime factors of 1396054134?
2, 3, 1871, 41453
List the prime factors of 563360225.
5, 22534409
List the prime factors of 1627514490.
2, 3, 5, 7, 7750069
List the prime factors of 1244059388.
2, 11, 13, 17, 31, 4127
What are the prime factors of 223955503?
251, 892253
List the prime factors of 3563337485.
5, 712667497
List the prime factors of 3320365318.
2, 1660182659
What are the prime factors of 76920373?
37, 2078929
What are the prime factors of 24619094?
2, 17, 367, 1973
List the prime factors of 42444923.
4951, 8573
List the prime factors of 22697850.
2, 3, 5, 7, 21617
List the prime factors of 200752489.
7, 28678927
What are the prime factors of 48976486?
2, 13, 739, 2549
List the prime factors of 1750742677.
4969, 352333
List the prime factors of 89172795.
3, 5, 19, 312887
What are the prime factors of 143606374?
2, 71803187
What are the prime factors of 324353139?
3, 11, 29, 338927
What are the prime factors of 1203785?
5, 11, 43, 509
What are the prime factors of 636353621?
1237, 514433
What are the prime factors of 180673422?
2, 3, 29, 521, 1993
List the prime factors of 894621942.
2, 3, 16567073
What are the prime factors of 472878559?
472878559
What are the prime factors of 6502269194?
2, 24859, 130783
What are the prime factors of 1611978787?
47, 113, 257, 1181
What are the prime factors of 18945579?
3, 1327, 4759
List the prime factors of 930728323.
7, 2833, 46933
What are the prime factors of 30342362?
2, 3121, 4861
What are the prime factors of 24262915?
5, 251, 19333
What are the prime factors of 208157126?
2, 31, 373, 9001
What are the prime factors of 491678788?
2, 61, 1091, 1847
List the prime factors of 32634680.
2, 5, 13, 97, 647
List the prime factors of 75639366.
2, 3, 11, 29, 4391
What are the prime factors of 327502485?
3, 5, 7277833
What are the prime factors of 652758531?
3, 217586177
What are the prime factors of 262091808?
2, 3, 11, 23, 109
List the prime factors of 243961505.
5, 1373, 35537
List the prime factors of 30636593.
13, 2356661
What are the prime factors of 263123501?
17, 181, 85513
What are the prime factors of 988522869?
3, 329507623
What are the prime factors of 184989984?
2, 3, 101, 19079
What are the prime factors of 577955386?
2, 59, 4897927
List the prime factors of 1492925856.
2, 3, 17, 914783
List the prime factors of 2024029697.
2024029697
What are the prime factors of 2212471019?
11, 2971, 67699
What are the prime factors of 5550444920?
2, 5, 17, 19, 353, 1217
List the prime factors of 1968927436.
2, 7, 3457, 20341
List the prime factors of 223238037.
3, 11, 31, 67, 3257
What are the prime factors of 91147355?
5, 13, 1402267
List the prime factors of 266908304.
2, 13, 97, 13229
What are the prime factors of 319198525?
5, 2549, 5009
List the prime factors of 71385655.
5, 11, 251, 5171
What are the prime factors of 72748970?
2, 5, 7, 293, 3547
What are the prime factors of 337245604?
2, 1201, 70201
What are the prime factors of 3721157617?
3721157617
What are the prime factors of 3985662102?
2, 3, 229, 389, 7457
What are the prime factors of 211838178?
2, 3, 35306363
List the prime factors of 362922.
2, 3, 7, 8641
List the prime factors of 1302708818.
2, 19, 34281811
List the prime factors of 81124407.
3, 7, 13, 99053
List the prime factors of 484397723.
19, 31, 822407
List the prime factors of 408989853.
3, 45443317
List the prime factors of 6469570361.
37, 174853253
What are the prime factors of 69666366?
2, 3, 7, 11, 101, 1493
What are the prime factors of 63415384?
2, 7926923
What are the prime factors of 46227852?
2, 3, 11, 107, 1091
What are the prime factors of 640362230?
2, 5, 64036223
List the prime factors of 32200509.
3, 11, 757, 1289
List the prime factors of 1638838132.
2, 2609, 157037
What are the prime factors of 2282724209?
163, 14004443
What are the prime factors of 12991700?
2, 5, 129917
What are the prime factors of 650651626?
2, 503, 646771
List the prime factors of 143724022.
2, 13, 53, 71, 113
What are the prime factors of 6303323?
13, 31, 15641
List the prime factors of 128952827.
71, 1816237
What are the prime factors of 653550956?
2, 163387739
List the prime factors of 1400529968.
2, 857, 102139
List the prime factors of 1862816083.
1862816083
What are the prime factors of 2106396?
2, 3, 58511
List the prime factors of 567051512.
2, 1619, 43781
List the prime factors of 33240846.
2, 3, 5540141
List the prime factors of 930361614.
2, 3, 7, 13, 127, 13417
What are the prime factors of 225796207?
7, 13, 2481277
List the prime factors of 7308367878.
2, 3, 7, 59, 101, 29201
List the prime factors of 14978669.
19, 788351
List the prime factors of 1586896685.
5, 11, 181, 159407
What are the prime factors of 137037989?
11, 613, 20323
What are the prime factors of 122776639?
122776639
What are the prime factors of 316169719?
316169719
What are the prime factors of 124576078?
2, 11, 127, 44587
List the prime factors of 519806512.
2, 31, 1047997
List the prime factors of 3473665328.
2, 7, 31014869
List the prime factors of 2513345535.
3, 5, 17, 3285419
List the prime factors of 1090871823.
3, 67, 5427223
What are the prime factors of 2441611761?
3, 29, 4481, 6263
What are the prime factors of 4075420879?
103, 39567193
What are the prime factors of 20143741?
139, 313, 463
List the prime factors of 298576.
2, 18661
List the prime factors of 886017098.
2, 743, 596243
What are the prime factors of 261543205?
5, 7, 11, 679333
What are the prime factors of 2677670459?
17, 157510027
List the prime factors of 26342973.
3, 547, 5351
List the prime factors of 4054127070.
2, 3, 5, 7, 167, 115601
What are the prime factors of 2597373584